{"id":63,"date":"2021-12-08T08:31:02","date_gmt":"2021-12-08T08:31:02","guid":{"rendered":"http:\/\/www.pontistra.si\/?page_id=63"},"modified":"2025-11-14T13:40:11","modified_gmt":"2025-11-14T12:40:11","slug":"program","status":"publish","type":"page","link":"http:\/\/www.pontistra.si\/index.php\/program\/","title":{"rendered":"Program"},"content":{"rendered":"\n<div class=\"wp-block-image is-style-default\"><figure class=\"aligncenter size-full\"><img loading=\"lazy\" width=\"878\" height=\"418\" src=\"http:\/\/www.pontistra.si\/wp-content\/uploads\/2025\/11\/pont2025.png\" alt=\"\" class=\"wp-image-356\" srcset=\"http:\/\/www.pontistra.si\/wp-content\/uploads\/2025\/11\/pont2025.png 878w, http:\/\/www.pontistra.si\/wp-content\/uploads\/2025\/11\/pont2025-300x143.png 300w, http:\/\/www.pontistra.si\/wp-content\/uploads\/2025\/11\/pont2025-768x366.png 768w\" sizes=\"(max-width: 878px) 100vw, 878px\" \/><\/figure><\/div>\n\n\n\n<h2 class=\"has-text-align-center\"><em>EVRO-SREDOZEMSKA LITERARNA NAGRADA PONT<\/em><\/h2>\n\n\n\n<h3 class=\"has-text-align-center\"><strong>NAPOVED PROGRAMA<br>november 2025<\/strong><\/h3>\n\n\n\n<p class=\"has-text-align-center\"> <strong>19.<\/strong><strong style=\"font-size: revert;\"> 11. 2025 ob 11h v kavarni<\/strong><strong> EPIC  <\/strong><\/p>\n\n\n\n<p class=\"has-text-align-center\"><strong>Nagrajenci evro-sredozemske literarne nagrade PONT Stefan Hertmans, Mohamad Abdul Munem, Vasja Bratina e Elisa Biagini na EPK 2025 in razglasitev prejemnikov listin PONT za 2026<\/strong><\/p>\n\n\n\n<p class=\"has-text-align-center\"><strong><em><span style=\"color:#a35a00\" class=\"has-inline-color\">Program<\/span><\/em><\/strong><\/p>\n\n\n\n<p class=\"has-text-align-center\">Uvodni nagovori \u2013 dr. <strong>Stojan Pelko<\/strong>, programski vodja GO! 2025, dr. <strong>Rado Pi\u0161ot<\/strong>, direktor ZRS Koper, <strong>Ale\u0161 \u0160teger<\/strong>, programski direktor zalo\u017ebe Beletrina&nbsp; in \u010dlan komisije za nagrado PONT.<\/p>\n\n\n\n<p class=\"has-text-align-center\">Predstavitev nagrade PONT in nagrajencev 2024 ter razglasitev prejemnikov listin 2026 \u2013 dr. <strong>Vesna Mikoli\u010d<\/strong>, ZRS Koper in Univerza v Trstu, vodja komisije za nagrado PONT.<\/p>\n\n\n\n<p class=\"has-text-align-center\">Literarno branje in pogovor: <strong>Stefan Hertmans, Mohamad Abdul Munem, Vasja Bratina in Elisa Biagini.<\/strong><\/p>\n\n\n\n<p class=\"has-text-align-center\">Slovenske prevode bo interpretiral dramski igralec <strong>Bla\u017e Vali\u010d<\/strong>, \u010dlan ansambla SNG Nova Gorica.<\/p>\n\n\n\n<p class=\"has-text-align-center\">Pogovor z avtorji bo vodila dr. <strong>Vesna Mikoli\u010d<\/strong>. Zagotovljeno bo tolma\u010denje v sloven\u0161\u010dino in italijan\u0161\u010dino.<\/p>\n\n\n\n<p class=\"has-text-align-center\"><strong> 19. <span style=\"font-size: revert;\">11. 2025 ob 19h v <\/span>EPICentru <\/strong><\/p>\n\n\n\n<p class=\"has-text-align-center\"><strong>Javno predavanje Stefana Hertmansa \u00bbWhy Antigone\/Zakaj Antigona\u00ab<\/strong><\/p>\n\n\n\n<p class=\"has-text-align-center\">Predavanje flamskega pisatelja <strong>Stefana Hertmansa,<\/strong> prejemnika evro-sredozemske literarne nagrade PONT, ob njegovem novem istoimenskem esejisti\u010dnem delu. V sloven\u0161\u010dino so prevedena njegovi romani Vojna in terpentin, Tujka in Vzpon.<\/p>\n\n\n\n<p class=\"has-text-align-center\">Predavanje bo v angle\u0161kem jeziku. Zagotovljeno bo tolma\u010denje v sloven\u0161\u010dino.<\/p>\n\n\n\n<p>&#8212;&#8212;&#8212;&#8212;&#8212;&#8212;&#8212;&#8212;&#8212;&#8212;&#8212;&#8212;&#8212;&#8212;&#8212;&#8212;&#8212;&#8212;&#8212;&#8212;&#8212;&#8212;&#8212;&#8212;&#8212;-<\/p>\n\n\n\n<p class=\"has-text-align-center\"><strong>19 novembre 2025 alle ore 11.00 presso il caff\u00e8 accanto EPIC<\/strong><br><strong>I vincitori del Premio letterario euro-mediterraneo PONT Stefan Hertmans, Mohamad Abdul Munem, Vasja Bratina e Elisa Biagini nell\u2019ambito di EPK 2025 e proclamazione dei titolari dei certificati PONT per il 2026<\/strong><\/p>\n\n\n\n<p class=\"has-text-align-center\"><span style=\"color:#a35a00\" class=\"has-inline-color\"><strong><em>Programma<\/em><\/strong><br><\/span><\/p>\n\n\n\n<p class=\"has-text-align-center\">Saluti introduttivi \u2013 dr.<strong> Stojan Pelko<\/strong>, direttore del programma GO! 2025, dr. <strong>Rado Pi\u0161ot<\/strong>, direttore dello ZRS Capodistria, <strong>Ale\u0161 \u0160teger<\/strong>, direttore del programma della casa editrice Beletrina e membro della giuria del Premio PONT.<\/p>\n\n\n\n<p class=\"has-text-align-center\">Presentazione del Premio PONT e dei vincitori 2024, nonch\u00e9 proclamazione dei titolari dei certificati per il 2026 \u2013 dr.<strong> Vesna Mikoli\u010d<\/strong>, ZRS Capodistria e Universit\u00e0 di Trieste, presidente della giuria del Premio PONT.<\/p>\n\n\n\n<p class=\"has-text-align-center\">Lettura letteraria e dialogo: <strong>Stefan Hertmans<\/strong>, <strong>Mohamad Abdul Munem<\/strong>, <strong>Vasja Bratina<\/strong> e <strong>Elisa Biagini<\/strong>.<\/p>\n\n\n\n<p class=\"has-text-align-center\">Le traduzioni slovene saranno interpretate dall\u2019attore <strong>Bla\u017e Vali\u010d<\/strong>, membro dell\u2019ensemble del Teatro Nazionale Sloveno di Nova Gorica.<\/p>\n\n\n\n<p class=\"has-text-align-center\">Il dialogo con gli autori sar\u00e0 condotto dalla dr.<strong> Vesna Mikoli\u010d<\/strong>. Sar\u00e0 garantita l\u2019interpretazione in sloveno e in italiano.<\/p>\n\n\n\n<p class=\"has-text-align-center\"><strong>19 novembre 2025 alle ore 19.00 presso l\u2019Epicenter<\/strong><br><strong>Lezione pubblica di Stefan Hertmans: \u201cWhy Antigone\/Perch\u00e9 Antigone\u201d<\/strong><\/p>\n\n\n\n<p class=\"has-text-align-center\">Lezione dello scrittore fiammingo<strong> Stefan Hertmans<\/strong>, vincitore del Premio letterario euro-mediterraneo PONT, in occasione della pubblicazione della sua nuova opera saggistica omonima.<\/p>\n\n\n\n<p class=\"has-text-align-center\">In sloveno sono stati tradotti i suoi romanzi <em>Guerra e trementina<\/em>, <em>Lo straniero<\/em> e <em>Ascesa<\/em>.<\/p>\n\n\n\n<p class=\"has-text-align-center\">La lezione sar\u00e0 tenuta in lingua inglese. Sar\u00e0 garantita l\u2019interpretazione in sloveno.<\/p>\n\n\n\n<p>&#8212;&#8212;&#8212;&#8212;&#8212;&#8212;&#8212;&#8212;&#8212;&#8212;&#8212;&#8212;&#8212;&#8212;&#8212;&#8212;&#8212;&#8212;&#8212;&#8212;&#8212;&#8212;&#8212;&#8212;&#8212;-<\/p>\n\n\n\n<p class=\"has-text-align-center\"><strong>19 November 2025 at 11:00 a.m. at the caf\u00e9 next to the Epicenter<\/strong><br><strong>The winners of the Euro-Mediterranean Literary Award PONT \u2013 Stefan Hertmans, Mohamad Abdul Munem, Vasja Bratina, and Elisa Biagini \u2013 at EPK 2025, and the announcement of the PONT Certificate recipients for 2026<\/strong><\/p>\n\n\n\n<p class=\"has-text-align-center\"><strong><em><span style=\"color:#a35a00\" class=\"has-inline-color\">Programme:<\/span><\/em><\/strong><\/p>\n\n\n\n<p class=\"has-text-align-center\">Opening addresses \u2013 Dr.<strong> Stojan Pelko<\/strong>, Programme Director of GO! 2025; Dr.<strong> Rado Pi\u0161ot<\/strong>, Director of the Science and Research Centre Koper (ZRS Koper); <strong>Ale\u0161 \u0160teger<\/strong>, Programme Director of the publishing house Beletrina and member of the PONT Award jury.<\/p>\n\n\n\n<p class=\"has-text-align-center\">Presentation of the PONT Award and the 2024 laureates, as well as the announcement of the 2026 Certificate recipients \u2013 Dr.<strong> Vesna Mikoli\u010d<\/strong>, ZRS Koper and University of Trieste, Chair of the PONT Award jury.<\/p>\n\n\n\n<p class=\"has-text-align-center\">Literary reading and discussion: <strong>Stefan Hertmans<\/strong>, <strong>Mohamad Abdul Munem<\/strong>, <strong>Vasja Bratina<\/strong>, and <strong>Elisa Biagini<\/strong>.<\/p>\n\n\n\n<p class=\"has-text-align-center\">The Slovenian translations will be performed by actor <strong>Bla\u017e Vali\u010d<\/strong>, member of the ensemble of the Slovenian National Theatre Nova Gorica.<\/p>\n\n\n\n<p class=\"has-text-align-center\">The conversation with the authors will be moderated by Dr.<strong> Vesna Mikoli\u010d<\/strong>.<br>Interpretation into Slovenian and Italian will be provided.<\/p>\n\n\n\n<p class=\"has-text-align-center\"><strong>19 November 2025 at 7:00 p.m. at the Epicenter<\/strong><br><strong>Public lecture by Stefan Hertmans: \u201cWhy Antigone\/Perch\u00e9 Antigone\u201d<\/strong><\/p>\n\n\n\n<p class=\"has-text-align-center\">Lecture by Flemish writer<strong> Stefan Hertmans<\/strong>, winner of the Euro-Mediterranean Literary Award PONT, on the occasion of the publication of his new essayistic work of the same title.<\/p>\n\n\n\n<p class=\"has-text-align-center\">His novels <em>War and Turpentine<\/em>, <em>The Convert<\/em>, and <em>The Ascent<\/em> have been translated into Slovenian.<\/p>\n\n\n\n<p class=\"has-text-align-center\">The lecture will be held in English. Interpretation into Slovenian will be provided.<\/p>\n\n\n\n<hr class=\"wp-block-separator\"\/>\n\n\n<h2 style=\"text-align: center;\" data-ogsc=\"rgb(32, 32, 32)\"><img loading=\"lazy\" class=\"wp-image-175 aligncenter\" src=\"http:\/\/www.pontistra.si\/wp-content\/uploads\/2025\/11\/Picture2-300x35.png\" alt=\"\" width=\"876\" height=\"102\" srcset=\"http:\/\/www.pontistra.si\/wp-content\/uploads\/2025\/11\/Picture2-300x35.png 300w, http:\/\/www.pontistra.si\/wp-content\/uploads\/2025\/11\/Picture2.png 846w\" sizes=\"(max-width: 876px) 100vw, 876px\" \/><\/h2>\n<p data-ogsc=\"rgb(32, 32, 32)\"><\/p>\n\n\n<hr class=\"wp-block-separator\"\/>\n\n\n<p><\/p>\n\n\n<p><\/p>\n","protected":false},"excerpt":{"rendered":"<p>EVRO-SREDOZEMSKA LITERARNA NAGRADA PONT NAPOVED PROGRAMAnovember 2025 19. 11. 2025 ob 11h v kavarni EPIC Nagrajenci evro-sredozemske literarne nagrade PONT Stefan Hertmans, Mohamad Abdul Munem, Vasja Bratina e Elisa Biagini na EPK 2025 in razglasitev prejemnikov listin PONT za 2026 Program Uvodni nagovori \u2013 dr. Stojan Pelko, programski vodja GO! 2025, dr. Rado Pi\u0161ot, direktor&hellip; <a class=\"more-link\" href=\"http:\/\/www.pontistra.si\/index.php\/program\/\">Continue reading <span class=\"screen-reader-text\">Program<\/span><\/a><\/p>\n","protected":false},"author":1,"featured_media":0,"parent":0,"menu_order":0,"comment_status":"closed","ping_status":"closed","template":"","meta":[],"_links":{"self":[{"href":"http:\/\/www.pontistra.si\/index.php\/wp-json\/wp\/v2\/pages\/63"}],"collection":[{"href":"http:\/\/www.pontistra.si\/index.php\/wp-json\/wp\/v2\/pages"}],"about":[{"href":"http:\/\/www.pontistra.si\/index.php\/wp-json\/wp\/v2\/types\/page"}],"author":[{"embeddable":true,"href":"http:\/\/www.pontistra.si\/index.php\/wp-json\/wp\/v2\/users\/1"}],"replies":[{"embeddable":true,"href":"http:\/\/www.pontistra.si\/index.php\/wp-json\/wp\/v2\/comments?post=63"}],"version-history":[{"count":20,"href":"http:\/\/www.pontistra.si\/index.php\/wp-json\/wp\/v2\/pages\/63\/revisions"}],"predecessor-version":[{"id":359,"href":"http:\/\/www.pontistra.si\/index.php\/wp-json\/wp\/v2\/pages\/63\/revisions\/359"}],"wp:attachment":[{"href":"http:\/\/www.pontistra.si\/index.php\/wp-json\/wp\/v2\/media?parent=63"}],"curies":[{"name":"wp","href":"https:\/\/api.w.org\/{rel}","templated":true}]}}